ird derivative of u**6/120 - u**5/15 - u**4/12 + u**3/6 - 16*u**2 + 2*u. Let o = 59 + -57. What is r(o)?
-11
Let n(z) be the first derivative of -2*z**2 + 24*z + 265. Determine n(7).
-4
Let c(l) = l**3 + 4*l**2 - 3*l - 2. Let a(v) = -7*v - 12. Let w(o) = o. Let t(d) = a(d) + 5*w(d). Let z be t(-4). Calculate c(z).
10
Let b(t) = 2*t + 8. Let l = -1189 - -1197. Calculate b(l).
24
Let b(y) = -y - 7. Let g(j) = 2*j**2 - 2*j - 4. Let v be g(2). Suppose -f - 21 + 15 = v. What is b(f)?
-1
Suppose -4*l = -2*b + 12, b + 2 = -0*b - 2*l. Suppose b*a = -a. Let u(o) = -3 + 0*o**2 - 3 - o**2 - o**3. Determine u(a).
-6
Suppose 4*u + 3*x - 20 = 0, -u + 3 + 3 = x. Let b(h) = 47 + u*h + 42 - 84. Let t be ((-1)/2)/((-2)/(-24)). What is b(t)?
-7
Let j(a) = a**3 + 3 + 216*a**2 + 0 - 212*a**2 - 11*a + 4. Calculate j(-6).
1
Let u(n) be the third derivative of -5*n**4/24 - n**3/6 - 1049*n**2. Suppose 0 = -0*v - 3*v + 3*b - 9, v = -5*b + 21. Calculate u(v).
-6
Let l(i) be the third derivative of -i**6/120 - i**5/60 + i**4/8 + i**3/3 + 4*i**2 - 4*i. Let o = 4 + -6. Let c be 3/o*(-8 - -10). Determine l(c).
11
Let g be (-2)/(-6) - 177/(-9). Suppose p = -3*p - g, -p = -3*a + 11. Let i(v) = -a*v**3 - 2*v + 5*v**2 + 5*v - 3 + v**3 - 2. Calculate i(5).
10
Let t(f) = -25 + 16 + 5*f - 4*f - 3*f. What is t(-11)?
13
Let f(r) = 17*r**3 + 2*r**2 - 1. Let x be (0 - 1)/(6 - (-52)/(-8)). Suppose -5*o = -x*w + 3, -2*w - 3*w = -2*o + 3. Determine f(o).
-16
Let r(o) be the third derivative of o**4/12 + 5*o**2 + 17*o. Determine r(3).
6
Let v(l) = -l**2 - l. Let y(o) = o**3 + 16*o**2 - 12*o - 3. Let w(z) = 3*v(z) + y(z). Give w(-14).
11
Let n(k) = k + 3. Let o = 1209 - 1206. Calculate n(o).
6
Suppose 23 - 23 = 2*d. Let s(y) = -14 - y - 6 - 10 + 36. Give s(d).
6
Let s(n) = -11*n**2 - 5*n - 4. Let w(g) = -9*g**2 - 5*g - 3. Suppose 12*a + 39 = -33. Let z(i) = a*w(i) + 5*s(i). What is z(6)?
-8
Suppose -16*g + 8 = 72. Let h(l) = -l**2 - 1. Give h(g).
-17
Suppose -n + 3 + 0 = 0. Let l = 6 - n. Suppose -4*o = -l*o + 5. Let y(b) = b**2 + 7*b + 6. Calculate y(o).
-4
Let v(q) = q**3 - 4*q**2 - q - 3. Let u(a) = -8*a**3 + 28*a**2 + 6*a + 24. Let z(l) = 2*u(l) + 15*v(l). Let w = 3 - 7. What is z(w)?
15
Let y be 12/18 + (-70)/42. Let u(c) = -65*c**2 - c. Give u(y).
-64
Let m(a) = -13*a - 6. Let b(l) = 68*l + 30. Let y(r) = 3*b(r) + 16*m(r). Give y(7).
-34
Let o(m) be the third derivative of m**6/120 + m**5/15 + m**4/4 + 5*m**3/6 + 7*m**2 + 7*m. Calculate o(-4).
-19
Let m(x) = -x + 7 + x - 5*x - x**3 - 8*x**2. Let q = -29 - -62. Suppose 4*o + 4*y + q = -11, o = -3*y - 19. What is m(o)?
-7
Let m(n) = -11*n + 8. Let v(s) = 4*s - 3. Let j(t) = 3*m(t) + 8*v(t). Let k be j(-4). Let l(w) = -2*w + 3. Determine l(k).
-5
Suppose -5 = 5*x - 5*m, -2*x + 7 = -x + 3*m. Let v(k) = x - k + k + 2*k. Determine v(-3).
-5
Let w(c) = -2 + 4 + c + 7*c**2 - 2. Let z(i) = i - 4. Let s be z(8). Let n = 5 - s. Determine w(n).
8
Let g(c) be the first derivative of 4*c**3/3 + c**2/2 - c - 1. Let t be (80/(-12) - -4)*(-27)/(-12). Let u = t - -7. What is g(u)?
4
Let m(h) = -h**2 + h**3 - 66*h - 2*h**3 + 3*h**3 + 34*h + 33*h - 4. Give m(2).
10
Let z = -447 - -450. Let c(u) = 9*u - 6. Give c(z).
21
Let o(m) = m**3 + 3*m**2 + 3*m + 1. Let j(p) = p**2 + p - 1. Let g(h) = h**3 + 6*h**2 + 33. Let l(r) = -g(r) - 3*j(r). Let u be l(-9). Give o(u).
-8
Let h(d) = 3*d - 16. Let s be h(7). Let q(r) = -r**3 + 5*r**2 - r + 7. What is q(s)?
2
Suppose 3 = -4*m - 2*o + 39, m - 9 = -5*o. Suppose m - 3 = w - g, 0 = -3*g. Let t(p) = p + w*p - 3*p - 3*p - 1. Give t(3).
2
Let a be -3 + 8/(-3 - -4). Suppose -a = -4*s - s. Let y(n) = -4*n**3 + 2*n + 1. Let c(f) = -5*f**3 + f**2 + 2*f + 2. Let r(t) = -2*c(t) + 3*y(t). Give r(s).
-3
Suppose 3*n = 2 + 4. Let f be (2 - -1)*(0 - 5 - -6). Let y(c) = 6*c**f + 0*c**3 - 2*c**2 - 2 - 5*c**3. Calculate y(n).
-2
Let p = 80 - 68. Let z(t) = 3*t + 12*t + t**2 - p*t - 1. Give z(-2).
-3
Let h be 32 + -33 - ((0 - -1) + -6). Let o be 15/10 + 2/h. Let c(i) = -i + 2. Determine c(o).
0
Let k(s) = -s**3 - 4*s**2 - 3*s + 3. Let p = 1 + -4. Let d be k(p). Let r(v) = v**2 - v + 1. Let h(n) = -4*n**2 + 4*n + 2. Let g(l) = -h(l) - 2*r(l). Give g(d).
8
Suppose 5*j + 5 + 20 = -5*s, 14 = -2*s - 4*j. Let f be (s/9)/((-1)/18). Let t(m) = 5 - 6*m - 15 + 4 + 5*m. Determine t(f).
-12
Let v(f) = f**3 + 9*f**2 + 7*f - 11. Let c be v(-8). Let p(h) be the first derivative of -3*h**2/2 - 2*h - 80. Determine p(c).
7
Let k(y) be the third derivative of -y**5/60 + y**4/24 - y**3/6 - 19*y**2. What is k(-2)?
-7
Let n(o) = o**3 - o**2 + o + 4. Let j = 21 - 9. Let i be 0/((-16)/6*j/(-16)). What is n(i)?
4
Let m(w) be the third derivative of -7*w**4/24 - 13*w**3/6 - 23*w**2. Let u be m(-2). Let t(q) = -q + q**2 + 0*q**2 + 1 - 2*q**2. Calculate t(u).
-1
Let a(d) be the first derivative of d**3/3 + 4*d**2 + 5*d - 1117. Let n = -25 - -18. Give a(n).
-2
Let j be -4*((-30)/(-4))/(-5). Let d(s) = 2*s - 13. Let u be d(7). Let b(a) = -a + 4*a + u - j*a. What is b(-2)?
7
Let j(f) = -f**3 + 3*f**2 + 6*f + 25. Let i be j(5). Let a(x) = 2*x + 6. Calculate a(i).
16
Let g(h) = -9*h. Let a = 526 - 373. Let u be a/85 - 1/(-5). Suppose -3*z = x, 0 = -z + 3*z + u*x + 4. Determine g(z).
-9
Suppose -4*f + 3*c = 24 - 9, -4*c = -f - 20. Suppose -3*u = -f*u. Let r(h) = h + 3 + 1 + 2. Determine r(u).
6
Let h be (-2 + 16/6)*9. Let s(k) = k**2 + 5 - 10*k + 2*k + 0*k**2. Calculate s(h).
-7
Let q(u) be the third derivative of -u**5/60 - 3*u**4/8 - 3*u**3/2 + 19*u**2. Let n = -20 + 14. Give q(n).
9
Let y(c) = c - 2. Let n(w) = -5*w + 8. Let b(l) = -n(l) - 6*y(l). Let d(s) = s + 6. Let k be d(3). Calculate b(k).
-5
Let m(l) = 6*l**3 + l**2 + l + 1. Let v(r) = -r + 13. Let s be v(6). Let g = 3 + s. Let b = g + -11. Give m(b).
-5
Let b(m) = m**2 + 8*m + 6. Let l = 1 + -8. Let q be b(l). Let d(i) = 166 + 165 + i - 330 + 9*i**3. Determine d(q).
-9
Let w(c) = c + 7. Let a be w(-5). Let g(x) be the second derivative of 1/12*x**4 + x**2 + a*x + 1/2*x**3 + 0 - 1/20*x**5. Determine g(-2).
8
Let g(p) = 9*p + 1. Let b be (2 + -14)/(-3) + -3. Let h be 10*b/2 - 2. Suppose h*r = -z, 4*z = -r - 0*r - 11. Give g(r).
10
Let v(i) = -i**2 - 12*i + 1. Suppose -27*s + 3 = 327. Calculate v(s).
1
Suppose -5*v + 0*v = -3*z - 44, 2*z - 1 = -v. Let t(w) = w**2 - 6. Let c be t(-3). Let p(n) = 0*n**c - 216 + 208 + 7*n**2 - n**3 + n. Give p(v).
-1
Let w(g) = -6*g + g**2 + 31 - 73 + 29. Suppose -3*v - 36 = -7*v. Determine w(v).
14
Let d(z) = -z - 9. Suppose 308 = 7*l + 77. Suppose -37 - 11 = -4*y + 4*b, -4*y + b + l = 0. Give d(y).
-16
Let n(q) = 10 - 36*q**3 - q - 31*q**3 - 31*q**3 - 33*q**3 - 7*q**2 + 132*q**3. Calculate n(7).
3
Let l(k) = k**2 + 6*k - 3. Let d = 127 + -128. Let b be (-1 + -6)/(d + 2). What is l(b)?
4
Suppose 2*b - b = 0. Suppose b = -4*x + 5*d + 4, -d - d = -4*x + 16. Let k(f) = -f**2 + 3*f + 8. Calculate k(x).
-10
Let i(b) be the second derivative of -b**4/12 + 11*b**3/6 - 7*b**2 + 4*b - 2. Suppose -d = -4 - 6. Give i(d).
-4
Let g = -6 - -8. Let l = -5 - -9. Let n(c) = -c**g + 3*c + l*c**2 - 2*c**2. Calculate n(-3).
0
Let s(g) = -g**2 + 31*g + 17. Let j(r) = 8*r + 1. Let o(w) = -2*j(w) + s(w). Determine o(14).
29
Let a(v) = v**3 + 7*v**2 - 2*v + 7. Let t = -11 - -7. Let y(r) = -r**2 - 2*r + 1. Let d be y(t). What is a(d)?
21
Let i(j) = 3*j**3 - 7*j**2 + 7*j + 2. Let y(k) = -8*k - 4*k**3 + 3 + 8*k**2 - 1 - 4. Let c be 240/50 + 2/(-1 + 11). Let v(l) = c*i(l) + 4*y(l). Calculate v(-4).
6
Let h(o) = o - 3. Suppose -9*v - 11 = -10*v. Let y = v - 4. Calculate h(y).
4
Let u(v) = -2*v. Let r(j) = -j**2 - 9*j + 153. Let t be r(-17). Suppose 5*n + 37 + 33 = 0. Let q = t + n. Calculate u(q).
-6
Let a(m) = -m + 5. Let c be 175/(-55) + 4/22. Let y(q) = -27*q - 3. Let l be y(c). Let o be (-12)/l - 108/(-26). Give a(o).
1
Suppose 2*i - 12 = 4*i. Let x(s) be the third derivative of s**5/60 + s**4/4 - s**3 - 2958*s**2. What is x(i)?
-6
Let u = -136 + 135. Let l(i) = -33*i + 1. Give l(u).
34
Suppose -t = -4 + 1. Let u be 24/(-10)*20/(-6). Let n(d) = 0*d + 6*d - u*d + d - 1. Determine n(t).
-4
Let w(u) = 9*u + 2. Let t(s) = -s - 1. Let g(y) = 3*t(y) + w(y). Suppose -9 = -2*c - c. Let f(x) = -x**2 + 4*x - 2. Let k be f(c). Determine g(k).
5
Let t(d) = 7*d - 7. Let o(c) = 38*c - 34. Let z(a) = 2*o(a) - 11